(12 + -24 - -35).
39
Evaluate -16 + (3 - 3) + 1 - (6972 + -7052).
65
5 + -12 + (-87 - 0 - 0) + (825 - 830)
-99
What is the value of 11 - (-8 + -4 - (-2 - -14))?
35
Calculate 47 + (1 - 13) + 434 + -442.
27
Calculate 1 + 8 + (3 - 7) + -15 + 20 - 43.
-33
What is the value of 108 + (16 - (11 - -36) - -23)?
100
Evaluate (-10 - (10 - 60)) + (60 - 61).
39
Calculate (11 + 4 + -23 + 2 - -9) + -50 + 12.
-35
What is 12 + (2 + -7 - (-17 + 17)) + 24?
31
Evaluate (172 - 63 - 63) + (-3 - -26).
69
What is the value of -67 + 142 + -85 - (-1 + 29)?
-38
59 - (18 - -6 - 18)
53
What is -37 - ((-22 - -21 - -3) + -21)?
-18
What is -15 - ((53 - 65) + 24)?
-27
What is (-4 - (-2 + -4 + 8)) + (-6 + -2 - 71)?
-85
Evaluate (-20 - (53 + (28 - 12))) + -19 + -2.
-110
What is the value of 39512 + -39518 - (1 - (0 - 23))?
-30
-4 + (87 - 18) - (-18 - -31)
52
Calculate (-158 - (-37 + -103)) + (1 - 49).
-66
2 + 44 - (-13733 - -13678)
101
Calculate -56 + (0 - 19 - -1 - (144 + -217 + 66)).
-67
What is (-138 - (71 - 111)) + -6?
-104
-248 - -184 - (-5 + (11 - (5 + 2)))
-63
What is the value of -5 + 67 + (-79 - -63)?
46
Evaluate 292 - 271 - (52 + 0) - -15.
-16
Evaluate (66 - 1) + (-1497 - -1363).
-69
What is the value of -5029 + 5146 - (69 - 0)?
48
What is the value of 40 + -1 + (2 - 7) + 6 - (-115 - -112)?
43
What is the value of (126 - 190 - -75) + -55?
-44
What is (-26 - (-61 + -9)) + -6 + -8?
30
What is the value of 1 + -2 - -6 - ((-4 - -2) + -3)?
10
Evaluate 5907 - 5878 - (39 - 1).
-9
What is the value of 2 + -16 - (-378 - -356) - 18?
-10
Evaluate 44 + -15 + -85 + 66 + (10 - -1).
21
What is (1 - 0) + (222 - 141) + 25 - -22?
129
Evaluate (27 - -1) + (-659 - -622).
-9
What is the value of -8 - (-5 + (9 - 13)) - (18 - 7)?
-10
What is the value of (-3 - -13) + (6 - (-9 - -7) - -3 - 20)?
1
What is (-9 - -14 - -1) + -20 + 3 - -8?
-3
38 + (0 + 13 - (86 - 65))
30
Calculate 38 + (434 - 445 - (1 + -23) - 5).
44
Evaluate (32 + -32 - (0 + (-6 - (0 + -5)))) + 18.
19
What is the value of (-86 + 160 - 38) + -83?
-47
What is -42 - (-15 - 10) - (-139 + 66)?
56
(-57 - -48) + (1 + -10 - -1 - -2)
-15
54 - ((-3 - 0) + 49)
8
Evaluate 327 - 383 - (3 - 138).
79
Evaluate 1 - (-43 - (2 - -1 - (-13 + 2 + 8))).
50
1 + 0 + 1 + 5 + (132 - (182 - 111))
68
Evaluate (-3 - 86) + -3 + (-11049 - -11045).
-96
What is the value of (-6 - -4 - -21) + 1061 + -1021?
59
Calculate -25 + 92 + (-31 - -14) + 1 + 1.
52
What is the value of 127 + -237 + 106 - ((-1 - -124) + -2 + 2)?
-127
What is 19 + -10 + 5 + -10 + 22?
26
-259 - -241 - (-3 - (-19 + 2))
-32
Evaluate -29 - (70 - 86) - (1 + -42).
28
What is -21 + 2 - (30 + -34 + 25)?
-40
-1 + 2 + -10 - (46 - 50) - (70 - -1)
-76
What is -31 - ((13 + -13 - 15) + 4)?
-20
Evaluate -39 + (97 - -9 - 31).
36
Evaluate 14 + (3 - (31 + -9)) + (1 - (5 + -1)).
-8
-16 + 22 + -2 + -5 + 2 - (-8 - -21)
-12
What is 9 + (29 - (28 - 13) - 19)?
4
What is the value of (-4 - (-106 - -144)) + 0 + (2 - -11)?
-29
Calculate -634 + 626 + (-59 - 2 - -2) + 15.
-52
What is -204 - -242 - (5 - (-4 + 7) - -5)?
31
What is the value of -90 - (28 - -2 - 48) - -19?
-53
Calculate -23 - ((12 - -10 - 2) + 0).
-43
Evaluate (-50 - 0) + 79 + -86 + -11 + 15.
-53
-4 + -6 + 0 - (-71 + 37)
24
Evaluate 0 - 40 - (-11 + -9 + 10 + 25 + -14).
-41
Calculate 33 + (-466 - -490 - (1 + 9)).
47
Evaluate -2 - 3 - (-58 - (-6 + -8 - 2)) - -8.
45
Evaluate -7 + (-1 - -58) + (-11 - -12) + (-99 - -100).
52
What is the value of -16 + -17 + 5 + (-90 - -132)?
14
Evaluate -51 + 2 + 5 + 18 - 23.
-49
Evaluate -11 + -3 - -29 - (2 + 4 - (-7 + 23)).
25
Calculate -10 + -38 + 34 + 23.
9
Calculate 12 - 0 - (-506 - -576).
-58
What is (17 - (-20 - (100 + -37))) + 2?
102
Evaluate (-1 - -17) + 157 + -178 + (39 - 1).
33
Evaluate 1 - (5 + -2 + -8 + -15 + -15 + -1).
37
Evaluate -66 - (-31 - (-21 - -30)).
-26
Evaluate (23 - -18) + 5 + (-5 - 0).
41
Evaluate (9 + -70 - (-65 + 53)) + -16.
-65
What is -1 - 26 - (152 + -207)?
28
5 - -6 - 22 - (-1 + -7) - -4 - -8
9
What is 274541 - 274521 - (-1 + 1 + (0 - 22))?
42
Evaluate -17 - (-11 + -3 + 13 - 14) - 54.
-56
What is the value of -17 + 16 + 8 + 6 + (-50 - -2)?
-35
Evaluate (-4 - -29) + -13 + -22 + -3 - -27.
14
What is the value of (36 + -18 - 22) + (-79 - (-14 + 3))?
-72
1 + (-46 - -10) + 19
-16
What is the value of 20 - ((-1 - 75) + 135)?
-39
What is the value of -23 + 17 - (-1 + 2 - (72 + -52))?
13
(-11 - (3 + -9)) + -8 + 15 + -9 + 5
-2
What is the value of 16 - (-4 + -15 - -13 - 9)?
31
Calculate -92 + (-7 - -6) + (2 - (-17 + 16)) + -9.
-99
What is the value of (-3 + 9 - 44) + (13 - 10)?
-35
What is 6 - (-2 - 8) - -1 - 36?
-19
Calculate 21 - (20 + (-25 - -12) + -13).
27
Evaluate -11 - (-102 - -40 - -198).
-147
What is the value of (35 + -46 + 22 - -2) + 0 + -56?
-43
Evaluate -2 + 17 + -2427 + 2319.
-93
Calculate 25 + -8 + (-36 - -19) + (0 - -3) + 64.
67
Calculate -60 + (73 + -182 - -131).
-38
What is the value of -12 + 1 + (-17 - -11) + -20?
-37
What is the value of (332 - 333) + ((-1 - 0) + 7 - -3)?
8
Evaluate 24 + (6 - 23) + 0 + -6 + 3 + 0.
4
What is the value of (-3 - (33 + -37)) + -2?
-1
Evaluate (-10 - -1) + (1 + 1 - 2) + (11806 - 11860).
-63
Calculate (8 - 11) + 24 - 33 - -16.
4
Calculate (-97 - (33 + -65 - 9)) + 0 + -4.
-60
What is the value of -35 + 17 - (-112 + 73)?
21
What is -5 + 9 + (6 - -1 - (-7 + 14)) + 48?
52
Calculate 41 - 17 - (-62 + 59 - (-1 - 14)).
12
Evaluate -28 - -59 - 10 - (2 + -5 + 0).
24
-4 + 9 - (-273 + 278 + (0 + -1 - -48))
-47
Evaluate (6 - (-42 + 49)) + -28.
-29
What is the value of (55 - 0) + -2480 + 2427?
2
Calculate 17 + -73 + 21 - (-5 + (6 - 12)).
-24
What is the value of 3 + 47 + (1951 - 2068)?
-67
What is the value of 15 + (10 - (-15 + 10)) + -12 + -17?
1
What is -6 + 102 - (-124 + 235)?
-15
-129 + 227 + -32 + -40
26
What is the value of -51 - (-3 + 3) - (-11 + 25 + (-19 - 5))?
-41
What is -40 + (81 - (-31 - 4)) + 26?
102
(1 - -1) + -11 - (-118 + -30 - -236)
-97
Calculate -135 - (-10 - (6 + 10 + -18 + 6)).
-121
What is the value of (-3 + 15 - (-2 - -13 - 9)) + -16?
-6
What is the value of -93 - -95 - -33 - 17?
18
What is the value of 0 - (2 + 23 + 17 + -25)?
-17
Calculate (-51 - (-17 - 74)) + (-21 - 0).
19
Evaluate -24 + (-24 - -15) + 62.
29
What is the value of (127 - (-29 + 250)) + (5 - 1)?
-90
Calculate 1 + 27 + -487 + 472 - 13.
0
What is 64 - ((-11 - 19) + 39 + -6 + 1)?
60
-15 + (12 - (8 + -3)) + 17
9
What is the value of -67 + -1 - -3 - (5 + -9 - 4 - 7)?
-50
(-25 - 19) + ((-23 - 3) + -5 - -8)
-67
What is -3 + -1 + (16 + 45 + 13 - 17) + -3?
50
Evaluate (-56 - 1 - -1) + (4 + -2 - 5 - -7).
-52
Evaluate 5 + -11 + -3 - (-257 + 245).
3
Calculate 2 + 49 - (2121 - 2124).
54
Calculate 26 + -1 + -198 + 185 - (39 + 1).
-28
Evaluate -111 - (4 - (-12 + (12 - 2 - -7) - -14)).
-96
-99 + (41 - (27 + 40)) - -2
-123
Calculate -86 + (41 - -21) + -10 + -1.
-35
(-6 - 29) + -18 + 39
-14
What is the value of (12 - (-1 - -33) - -27) + (1 - 26)?
-18
(-26 - -4) + (-87 - (11 - 40))
-80
What is 14 - (-1 - -3) - (11358 + -11429)?
83
Calculate 39 + -72 + (63 - -12).
42
What is (-4 - (-64 + 23)) + -75 + -13?
-51
What is -29 - ((20 - 16 - 36) + 80)?
-77
What is the value of 20 - ((-19 - -46) + -15) - (60 - 3)?
-49
-11 + 25 + -160 - (139 - 171)
-114
Calculate -18 + -63 + (8 - (-14 - 0)).
-59
What is (-89 + -95 - -198) + 0 + -24?
-10
What is (7 - (-5 - (-37 + (11 - 12) + -6))) + 9?
-23
What is 14 - (10 - -36 - (1 + 25))?
-6
Calculate 7 + (25 - (52 + -10)) + (-1 - 116).
-127
Calculate (-12 - (-10 - (-16 + -12 + 6))) + 12.
-12
Evaluate (-58 - -102 - 24) + -50.
-30
What is the value of -1 - (-8 - 6 - (-34 + 5)) - -25?
9
Calculate 1 + (-6 - 2) - (-19 + 7) - 50.
-45
What is -13 - (6 + 4 + (-6 - 1) - 1)?
-15
Calculate 21 - ((-26 - 13) + 18 + -19).
61
What is the value of 2 + (-9 - -96) - (729 - 768)?
128
Evaluate (91 - -14) + -126 + (-1 - -53).
31
What is (0 + -59 + 25 - -8) + -15?
-41
-1 + -10 - (-57 + (83 - 12))
-25
What is 4 + (2 - 13) - ((-16 - -20) + -1 + -51)?
41
Evaluate (-206 - (30 + -115)) + 155.
34
Evaluate -242 - -180 - (6 - 31).
-37
Evaluate (-175 - -217) + (0 - -2) + -15 + 11.
40
2583 - 2636 - (-22 + 1)
-32
Evaluate 105 - (148 - 78) - -30.
65
What is the value of 9 + (-15 - -40) + -32 + 20?
22
What is 10 + (-12 - -1) + 73 - (-5 - -4)?
73
(5 - -4 - 5) + (-12 + -3 + 38 - -12)
39
28 + -28 - -94 - (1 - 